{"id":63,"date":"2009-05-09T04:46:21","date_gmt":"2009-05-09T11:46:21","guid":{"rendered":"http:\/\/www.ryanalexander.us\/?page_id=63"},"modified":"2024-05-29T20:00:42","modified_gmt":"2024-05-30T03:00:42","slug":"lesiones-y-accidentes","status":"publish","type":"page","link":"https:\/\/ryanalexander.us\/?page_id=63","title":{"rendered":"Lesiones y accidentes: millones ganado"},"content":{"rendered":"<p>[et_pb_section fb_built=&#8221;1&#8243; admin_label=&#8221;section&#8221; _builder_version=&#8221;3.22&#8243; global_colors_info=&#8221;{}&#8221;][et_pb_row admin_label=&#8221;row&#8221; _builder_version=&#8221;3.25&#8243; background_size=&#8221;initial&#8221; background_position=&#8221;top_left&#8221; background_repeat=&#8221;repeat&#8221; global_colors_info=&#8221;{}&#8221;][et_pb_column type=&#8221;4_4&#8243; _builder_version=&#8221;3.25&#8243; custom_padding=&#8221;|||&#8221; global_colors_info=&#8221;{}&#8221; custom_padding__hover=&#8221;|||&#8221;][et_pb_text admin_label=&#8221;Text&#8221; _builder_version=&#8221;3.27.4&#8243; background_size=&#8221;initial&#8221; background_position=&#8221;top_left&#8221; background_repeat=&#8221;repeat&#8221; global_colors_info=&#8221;{}&#8221;]<\/p>\n<p>Si usted o un ser querido ha sido lesionado en un accidente , el abogado Ryan Alexander la experiencia en litigios para manejar su caso de lesiones personales en Nevada. <strong>Nos conformamos con millones de d\u00f3lares en reclamaciones por a\u00f1o.<\/strong> Ha mantenido m\u00e1s de 650 casos de lesion y m\u00e1s de 20 juicios civiles hasta decisi\u00f3n. Recientemente, hemos conseguido una sentencia por <strong>$ 26.5 millones de d\u00f3lares<\/strong> en un caso de lesiones cerebrales, y ten\u00eda un acuerdo confidencial de la muerte de una joven. Con particular experiencia en casos de lesiones cerebrales , otros abogados rutinariamente nos remiten los casos de lesiones catastr\u00f3ficas. Nosotros nos encargamos de las lesiones de todo tipo, incluidos los accidentes de tr\u00e1fico, accidentes de camiones, accidentes de motocicleta, productos defectuosos, resbalones y ca\u00eddas, violencia de seguridad y las mordeduras de perro.<\/p>\n<p><strong>Resultados recientes *<\/strong><br \/>$26,527,772 &#8211; Juicio de la lesi\u00f3n cerebral<br \/>$2,500,000 &#8211; Producto defectuoso<br \/>$1,300,000 &#8211; Negligencia por empleado<br \/>$1,204,048 &#8211; Juicio de Accidente de coche<br \/>$950,000 &#8211; Negligencia por empleado<br \/>$900,000 &#8211; demanda &#8220;mala fe&#8221; en contra de la compa\u00f1\u00eda de seguros<br \/>$890,000 &#8211; Accidente de coche<br \/>$850,000 &#8211; Accidente de coche<br \/>$750,000 &#8211; Accidente de coche<br \/>$700,000 &#8211; Accidente de coche<br \/>$700,000 &#8211; Accidente de coche<br \/>$650,000 &#8211; Accidente de coche<br \/>$550,000 &#8211; Accidente de coche<br \/>$515,000 &#8211; Accidente de coche<br \/>$500,000 &#8211; Accidente de coche<br \/>$475,000 &#8211; Accidente de coche<br \/>$450,000 &#8211; Accidente de coche<br \/>$425,000 &#8211; Accidente de coche<br \/>$405,253 &#8211; Caida en casino<br \/>$375,000 &#8211; Accidente de coche<br \/>$355,655 &#8211; Accidente de coche<br \/>$340,000 &#8211; Empleo &#8211; descriminaci\u00f3n<br \/>$340,000 &#8211; Contrato roto<br \/>$300,000 &#8211; Derechos civiles<br \/>$276,000 &#8211; Accidente de coche<br \/>$270,000 &#8211; Accidente de coche<br \/>$250,000 &#8211; Accidente de coche<br \/>$250,000 &#8211; Accidente de coche<br \/>$225,000 &#8211; Negligencia por guardia de seguridad<br \/>$225,000 &#8211; Accidente de coche<br \/>$225,000 &#8211; Accidente de coche<br \/>$220,000 &#8211; Accidente de coche<br \/>$425,000 &#8211; Accidente de coche<br \/>$216,000 &#8211; Accidente de coche<br \/>$200,000 &#8211; Caida en casino<br \/>$200,000 &#8211; Caida en tienda<br \/>$200,000 &#8211; Caida en hotel<\/p>\n<p><em>*Los resultados pasados \u200b\u200bno garantizan ning\u00fan resultado futuro.<\/em><\/p>\n<p>P\u00f3ngase en contacto con nosotros antes de hablar con una compa\u00f1\u00eda de seguros o firmar cualquier documento seguro despu\u00e9s de un accidente. Es posible que conformarse con menos de lo que merecen por sus lesiones &#8211; los estudios demuestran que las personas representadas por un abogado reciben mucho m\u00e1s dinero que los que tratar de resolver su propia reclamaci\u00f3n de seguro. Usted se reunir\u00e1 con un abogado de su primera consulta con la empresa. Nosotros nos encargamos de los casos en &#8220;honorarios condicionales&#8221; lo que significa que tenemos un porcentaje del acuerdo, y si no conseguimos el dinero, que no nos debemos a una tarifa.<\/p>\n<p>Aunque la soluci\u00f3n es ventajosa en la mayor\u00eda de los casos, y casi todos nuestros reclamos asiente con la compa\u00f1\u00eda de seguros sin una demanda, estamos listos y dispuestos a llevar su caso a un juicio completo con representaci\u00f3n agresiva y preparado. Un abogado se encargar\u00e1 de su caso y estamos orgullosos de poder personal, atento servicio. Nosotros nos encargamos de los casos de accidentes automovil\u00edsticos , accidentes de motocicleta , accidentes de camiones , accidentes de canotaje , accidentes de aviaci\u00f3n , muerte injusta , productos defectuosos y negligencia m\u00e9dica .<\/p>\n<p>No espere a tomar medidas : programar una consulta gratuita con lesiones personales Ryan Alexander llamando al ( 702 ) 868-3311 .<\/p>\n<p><strong>Tipos de casos de lesiones<\/strong><\/p>\n<p>En general, existen dos tipos de casos de lesiones : 1 ) en la que alguien te hace da\u00f1o intencionadamente con sus acciones, y 2 ) en la que alguien te hace da\u00f1o , porque no hacen algo que se supone que (esto se llama &#8220;negligencia &#8220;) . Casos intencionales son obviamente m\u00e1s f\u00e1cil de probar, ya que tienes que demostrar que alguien hizo una acci\u00f3n y esa acci\u00f3n te haga da\u00f1o , causando &#8221; da\u00f1os y perjuicios. &#8221; Los da\u00f1os pueden ser de su propiedad, a su cuerpo f\u00edsico , o el da\u00f1o emocional que causa angustia o emociones extremas. Casos intencionales se observan con mayor frecuencia en los casos de asalto y agresi\u00f3n y la difamaci\u00f3n .<\/p>\n<p>Es m\u00e1s com\u00fan en los casos de accidentes que basarse en &#8220;negligencia &#8220;, lo que significa que la otra persona tiene el deber de hacer algo (como prestar atenci\u00f3n a la carretera y la conducci\u00f3n segura ) , no hacen eso ( mirando su tel\u00e9fono celular o conducir borracho ), y su no realizaci\u00f3n de los derechos causados \u200b\u200ba sufrir da\u00f1os ( cuando su coche golpea el tuyo y te hace da\u00f1o ) . Antes de tomar un caso , tenemos que estar seguros de que hubo alguna responsabilidad por la otra persona y que su &#8220;incumplimiento &#8221; de esa responsabilidad fue la verdadera causa de su lesi\u00f3n. A veces nos encontramos con que las personas se han visto gravemente heridos , pero no puede haber sido la culpa de la parte que quiere interponer un recurso contra &#8211; el otro lado ten\u00eda ninguna responsabilidad por el da\u00f1o (pero tenga en cuenta: Nevada no permite juicios , aunque es posible que ser parte de la culpa ) . Los da\u00f1os son tambi\u00e9n una consideraci\u00f3n importante : nos encontramos tambi\u00e9n con ocasiones en las que la otra parte realmente no ha hecho lo que se supone que deben hacer, y han incumplido claramente su deber, pero no hay da\u00f1os en el cliente. Sin embargo , nos encontramos con que en muchos casos es evidente que hay un deber que fue violada y que fue la causa de la lesi\u00f3n del cliente, y es un caso en el que es m\u00e1s probable una indemnizaci\u00f3n por las lesiones. Dada la complejidad de los casos de lesiones personales , queremos que hables con nosotros en una consulta de lesiones personales la libertad de determinar qu\u00e9 tipo de caso que usted tiene y c\u00f3mo podemos ayudarle a aprovechar al m\u00e1ximo la restituci\u00f3n de sus lesiones .<\/p>\n<p><strong>Lo que debe traer a su consulta de Lesiones<\/strong><\/p>\n<p>Hay una buena cantidad de informaci\u00f3n que habr\u00e1 que proceder con su caso . Se acelerar\u00e1 su caso si usted puede traer la mayor parte o todo lo siguiente con usted a su consulta :<\/p>\n<p style=\"padding-left: 40px;\">\u2022 Nombres e informaci\u00f3n de contacto de todas las dem\u00e1s partes interesadas;<br \/>\u2022 La compa\u00f1\u00eda de seguros informaci\u00f3n de otras partes involucradas , en su caso ;<br \/>\u2022 l\u00ednea de tiempo completo por escrito de las fechas, los hechos y los acontecimientos , y una breve , personal, descripci\u00f3n de c\u00f3mo le ha afectado ;<br \/>\u2022 Fotos de la escena y los vehiculos involucrados;<br \/>\u2022 Doctor, quiropr\u00e1ctico o de las facturas del hospital , todos los informes m\u00e9dicos, diagn\u00f3sticos y planes de tratamiento del accidente y antes ;<br \/>\u2022 Informe de la polic\u00eda , si es que existe, y<br \/>\u2022 Nombre y apellidos de los posibles testigos en contacto .<\/p>\n<p>No espere a tomar medidas : programar una consulta gratuita con lesiones personales Ryan Alexander ahora llamando al ( 702 ) 868-3311 .<\/p>\n<p>&nbsp;<\/p>\n<p><object width=\"400\" height=\"300\" classid=\"clsid:d27cdb6e-ae6d-11cf-96b8-444553540000\" codebase=\"http:\/\/download.macromedia.com\/pub\/shockwave\/cabs\/flash\/swflash.cab#version=6,0,40,0\"><param name=\"allowfullscreen\" value=\"true\" \/><param name=\"allowscriptaccess\" value=\"always\" \/><param name=\"src\" value=\"http:\/\/vimeo.com\/moogaloop.swf?clip_id=6523065&amp;server=vimeo.com&amp;show_title=1&amp;show_byline=1&amp;show_portrait=0&amp;color=&amp;fullscreen=1\" \/><embed width=\"400\" height=\"300\" type=\"application\/x-shockwave-flash\" src=\"http:\/\/vimeo.com\/moogaloop.swf?clip_id=6523065&amp;server=vimeo.com&amp;show_title=1&amp;show_byline=1&amp;show_portrait=0&amp;color=&amp;fullscreen=1\" allowfullscreen=\"allowfullscreen\" allowscriptaccess=\"always\" \/><\/object><\/p>\n<p><a href=\"http:\/\/vimeo.com\/6523065\">Lesiones y Accidentes en Las Vegas, NV &#8211; Abogado Ryan Alexander<\/a> from <a href=\"http:\/\/vimeo.com\/user2283566\">Ryan E Alexander<\/a> on <a href=\"http:\/\/vimeo.com\">Vimeo<\/a>.<\/p>\n<p>Quiero ser su abogado. Para poner una cita conmigo, llame al (702) 868-3311 ahora.<\/p>\n<p>[\/et_pb_text][\/et_pb_column][\/et_pb_row][\/et_pb_section]<\/p>\n","protected":false},"excerpt":{"rendered":"<p>Si usted o un ser querido ha sido lesionado en un accidente , el abogado Ryan Alexander la experiencia en litigios para manejar su caso de lesiones personales en Nevada. Nos conformamos con millones de d\u00f3lares en reclamaciones por a\u00f1o. Ha mantenido m\u00e1s de 650 casos de lesion y m\u00e1s de 20 juicios civiles hasta [&hellip;]<\/p>\n","protected":false},"author":1,"featured_media":1370,"parent":39,"menu_order":4,"comment_status":"closed","ping_status":"closed","template":"","meta":{"_et_pb_use_builder":"on","_et_pb_old_content":"Si usted o un ser querido ha sido lesionado en un accidente , el abogado Ryan Alexander la experiencia en litigios para manejar su caso de lesiones personales en Nevada. <strong>Nos conformamos con millones de d\u00f3lares en reclamaciones por a\u00f1o.<\/strong> Ha mantenido m\u00e1s de 650 casos de lesion y m\u00e1s de 20 juicios civiles hasta decisi\u00f3n. Recientemente, hemos conseguido una sentencia por <strong>$ 26.5 millones de d\u00f3lares<\/strong> en un caso de lesiones cerebrales, y ten\u00eda un acuerdo confidencial de la muerte de una joven. Con particular experiencia en casos de lesiones cerebrales , otros abogados rutinariamente nos remiten los casos de lesiones catastr\u00f3ficas. Nosotros nos encargamos de las lesiones de todo tipo, incluidos los accidentes de tr\u00e1fico, accidentes de camiones, accidentes de motocicleta, productos defectuosos, resbalones y ca\u00eddas, violencia de seguridad y las mordeduras de perro.\r\n\r\n<strong>Resultados recientes *<\/strong>\r\n$26,527,772 - Juicio de la lesi\u00f3n cerebral\r\n$2,500,000 - Producto defectuoso\r\n$1,204,048 - Accidente de coche\r\n$ 515,000 - Accidente de coche\r\n$ 305,000 - Negligencia\r\n$ 300,000 - Derechos civiles\r\n$ 340,000 - caso del empleo de ejecutivo despedido\r\n$ 270,000 - Accidente de coche\r\n$ 225,000 - Negligencia por guardia de seguridad\r\n$ 190,000 - Accidente de coche\r\n$ 165,000 - demanda \"mala fe\" en contra de la compa\u00f1\u00eda de seguros\r\n$ 145,000 - Accidente de coche\r\n$ 140,000 - Accidente de coche\r\n$ 125,000 - Accidente de coche\r\n$ 115,000 - Accidente de coche\r\n\r\n<em>*Los resultados pasados \u200b\u200bno garantizan ning\u00fan resultado futuro.<\/em>\r\n\r\nP\u00f3ngase en contacto con nosotros antes de hablar con una compa\u00f1\u00eda de seguros o firmar cualquier documento seguro despu\u00e9s de un accidente. Es posible que conformarse con menos de lo que merecen por sus lesiones - los estudios demuestran que las personas representadas por un abogado reciben mucho m\u00e1s dinero que los que tratar de resolver su propia reclamaci\u00f3n de seguro. Usted se reunir\u00e1 con un abogado de su primera consulta con la empresa. Nosotros nos encargamos de los casos en \"honorarios condicionales\" lo que significa que tenemos un porcentaje del acuerdo, y si no conseguimos el dinero, que no nos debemos a una tarifa.\r\n\r\nAunque la soluci\u00f3n es ventajosa en la mayor\u00eda de los casos, y casi todos nuestros reclamos asiente con la compa\u00f1\u00eda de seguros sin una demanda, estamos listos y dispuestos a llevar su caso a un juicio completo con representaci\u00f3n agresiva y preparado. Un abogado se encargar\u00e1 de su caso y estamos orgullosos de poder personal, atento servicio. Nosotros nos encargamos de los casos de accidentes automovil\u00edsticos , accidentes de motocicleta , accidentes de camiones , accidentes de canotaje , accidentes de aviaci\u00f3n , muerte injusta , productos defectuosos y negligencia m\u00e9dica .\r\n\r\nNo espere a tomar medidas : programar una consulta gratuita con lesiones personales Ryan Alexander llamando al ( 702 ) 868-3311 .\r\n\r\n<strong>Tipos de casos de lesiones<\/strong>\r\n\r\nEn general, existen dos tipos de casos de lesiones : 1 ) en la que alguien te hace da\u00f1o intencionadamente con sus acciones, y 2 ) en la que alguien te hace da\u00f1o , porque no hacen algo que se supone que (esto se llama \"negligencia \") . Casos intencionales son obviamente m\u00e1s f\u00e1cil de probar, ya que tienes que demostrar que alguien hizo una acci\u00f3n y esa acci\u00f3n te haga da\u00f1o , causando \" da\u00f1os y perjuicios. \" Los da\u00f1os pueden ser de su propiedad, a su cuerpo f\u00edsico , o el da\u00f1o emocional que causa angustia o emociones extremas. Casos intencionales se observan con mayor frecuencia en los casos de asalto y agresi\u00f3n y la difamaci\u00f3n .\r\n\r\nEs m\u00e1s com\u00fan en los casos de accidentes que basarse en \"negligencia \", lo que significa que la otra persona tiene el deber de hacer algo (como prestar atenci\u00f3n a la carretera y la conducci\u00f3n segura ) , no hacen eso ( mirando su tel\u00e9fono celular o conducir borracho ), y su no realizaci\u00f3n de los derechos causados \u200b\u200ba sufrir da\u00f1os ( cuando su coche golpea el tuyo y te hace da\u00f1o ) . Antes de tomar un caso , tenemos que estar seguros de que hubo alguna responsabilidad por la otra persona y que su \"incumplimiento \" de esa responsabilidad fue la verdadera causa de su lesi\u00f3n. A veces nos encontramos con que las personas se han visto gravemente heridos , pero no puede haber sido la culpa de la parte que quiere interponer un recurso contra - el otro lado ten\u00eda ninguna responsabilidad por el da\u00f1o (pero tenga en cuenta: Nevada no permite juicios , aunque es posible que ser parte de la culpa ) . Los da\u00f1os son tambi\u00e9n una consideraci\u00f3n importante : nos encontramos tambi\u00e9n con ocasiones en las que la otra parte realmente no ha hecho lo que se supone que deben hacer, y han incumplido claramente su deber, pero no hay da\u00f1os en el cliente. Sin embargo , nos encontramos con que en muchos casos es evidente que hay un deber que fue violada y que fue la causa de la lesi\u00f3n del cliente, y es un caso en el que es m\u00e1s probable una indemnizaci\u00f3n por las lesiones. Dada la complejidad de los casos de lesiones personales , queremos que hables con nosotros en una consulta de lesiones personales la libertad de determinar qu\u00e9 tipo de caso que usted tiene y c\u00f3mo podemos ayudarle a aprovechar al m\u00e1ximo la restituci\u00f3n de sus lesiones .\r\n\r\n<strong>Lo que debe traer a su consulta de Lesiones<\/strong>\r\n\r\nHay una buena cantidad de informaci\u00f3n que habr\u00e1 que proceder con su caso . Se acelerar\u00e1 su caso si usted puede traer la mayor parte o todo lo siguiente con usted a su consulta :\r\n\r\n\u2022 Nombres e informaci\u00f3n de contacto de todas las dem\u00e1s partes interesadas;\r\n\u2022 La compa\u00f1\u00eda de seguros informaci\u00f3n de otras partes involucradas , en su caso ;\r\n\u2022 l\u00ednea de tiempo completo por escrito de las fechas, los hechos y los acontecimientos , y una breve , personal, descripci\u00f3n de c\u00f3mo le ha afectado ;\r\n\u2022 Fotos de la escena y los vehiculos involucrados;\r\n\u2022 Doctor, quiropr\u00e1ctico o de las facturas del hospital , todos los informes m\u00e9dicos, diagn\u00f3sticos y planes de tratamiento del accidente y antes ;\r\n\u2022 Informe de la polic\u00eda , si es que existe, y\r\n\u2022 Nombre y apellidos de los posibles testigos en contacto .\r\n\r\nNo espere a tomar medidas : programar una consulta gratuita con lesiones personales Ryan Alexander ahora llamando al ( 702 ) 868-3311 .\r\n\r\n&nbsp;\r\n\r\n<object width=\"400\" height=\"300\" classid=\"clsid:d27cdb6e-ae6d-11cf-96b8-444553540000\" codebase=\"http:\/\/download.macromedia.com\/pub\/shockwave\/cabs\/flash\/swflash.cab#version=6,0,40,0\"><param name=\"allowfullscreen\" value=\"true\" \/><param name=\"allowscriptaccess\" value=\"always\" \/><param name=\"src\" value=\"http:\/\/vimeo.com\/moogaloop.swf?clip_id=6523065&amp;server=vimeo.com&amp;show_title=1&amp;show_byline=1&amp;show_portrait=0&amp;color=&amp;fullscreen=1\" \/><embed width=\"400\" height=\"300\" type=\"application\/x-shockwave-flash\" src=\"http:\/\/vimeo.com\/moogaloop.swf?clip_id=6523065&amp;server=vimeo.com&amp;show_title=1&amp;show_byline=1&amp;show_portrait=0&amp;color=&amp;fullscreen=1\" allowfullscreen=\"allowfullscreen\" allowscriptaccess=\"always\" \/><\/object>\r\n\r\n<a href=\"http:\/\/vimeo.com\/6523065\">Lesiones y Accidentes en Las Vegas, NV - Abogado Ryan Alexander<\/a> from <a href=\"http:\/\/vimeo.com\/user2283566\">Ryan E Alexander<\/a> on <a href=\"http:\/\/vimeo.com\">Vimeo<\/a>.\r\n\r\nQuiero ser su abogado. Para poner una cita conmigo, llame al (702) 868-3311 ahora.","_et_gb_content_width":""},"_links":{"self":[{"href":"https:\/\/ryanalexander.us\/index.php?rest_route=\/wp\/v2\/pages\/63"}],"collection":[{"href":"https:\/\/ryanalexander.us\/index.php?rest_route=\/wp\/v2\/pages"}],"about":[{"href":"https:\/\/ryanalexander.us\/index.php?rest_route=\/wp\/v2\/types\/page"}],"author":[{"embeddable":true,"href":"https:\/\/ryanalexander.us\/index.php?rest_route=\/wp\/v2\/users\/1"}],"replies":[{"embeddable":true,"href":"https:\/\/ryanalexander.us\/index.php?rest_route=%2Fwp%2Fv2%2Fcomments&post=63"}],"version-history":[{"count":17,"href":"https:\/\/ryanalexander.us\/index.php?rest_route=\/wp\/v2\/pages\/63\/revisions"}],"predecessor-version":[{"id":1377,"href":"https:\/\/ryanalexander.us\/index.php?rest_route=\/wp\/v2\/pages\/63\/revisions\/1377"}],"up":[{"embeddable":true,"href":"https:\/\/ryanalexander.us\/index.php?rest_route=\/wp\/v2\/pages\/39"}],"wp:featuredmedia":[{"embeddable":true,"href":"https:\/\/ryanalexander.us\/index.php?rest_route=\/wp\/v2\/media\/1370"}],"wp:attachment":[{"href":"https:\/\/ryanalexander.us\/index.php?rest_route=%2Fwp%2Fv2%2Fmedia&parent=63"}],"curies":[{"name":"wp","href":"https:\/\/api.w.org\/{rel}","templated":true}]}}